f(r) = 8*r + 11. Let j(o) = o**3 - o**2 - 36*o - 49. Let i(d) = -9*f(d) - 2*j(d). Calculate i(l).
3
Let o(x) = -x - 1. Suppose 41 = -3*w - 5*c, 3*w = -w + 2*c - 20. What is o(w)?
6
Let w(x) = -7*x - 5. Suppose 103*j - 148*j - 450 = 0. Determine w(j).
65
Let v(b) = 83*b**2 - 83*b**2 + 1 - 2*b - 5*b**3. What is v(1)?
-6
Let f(o) be the second derivative of -o**4/12 + 2*o**3/3 - 51*o. Give f(4).
0
Let u(y) be the third derivative of 3/2*y**3 - 10*y**2 + 0*y - 1/12*y**4 + 0. Calculate u(8).
-7
Let h(r) = 9*r**2 + 9 - 2*r**3 - 5*r**3 - 4*r - 4*r + 6*r**3. Let l be h(8). Let x(z) = -6 + 1 + 2*z**2 + z - 3*z**2 + l. Determine x(0).
4
Let w(x) = 5*x**3 + 12*x**2 - 10*x + 19. Let k(c) = 9*c**3 + 20*c**2 - 20*c + 37. Let s(a) = 6*k(a) - 11*w(a). Determine s(-11).
2
Let w(j) = -26*j + 21 - 26 + 25*j. Calculate w(-11).
6
Let z(q) = 5*q**3 + 181 - 180 + 11*q**3 - 2*q**2. Give z(-1).
-17
Let s(l) = l**2 + 7*l + 4. Suppose -21 = 12*x + 63. Determine s(x).
4
Suppose -u - 45 + 14 = 3*o, 45 = -5*o + 5*u. Let l(p) = p**3 + 9*p**2 - 13*p - 24. What is l(o)?
6
Let g(i) be the first derivative of -i**5/60 - i**4/24 + i**3/2 - 47*i**2/2 + 22. Let d(r) be the second derivative of g(r). What is d(0)?
3
Let x(h) = -h**3 + 7*h**2 - 7*h + 4. Suppose 2*r - 10*f + 14*f - 4 = 0, -4*r - 3*f + 18 = 0. Give x(r).
-2
Let b(x) = x**3 - 20*x**2 + 19*x + 2. Suppose 0 = -25*r - 68*r + 1767. Calculate b(r).
2
Suppose -2*i = 4*f - 4*i - 46, 2*f = 2*i + 22. Let v(y) = 2*y - 29. What is v(f)?
-5
Let c be (0 + 3/(-15))/((-3160)/450 - -7). Let u(i) = 2*i**2 - i**2 - 2 + 0*i**2 - 10*i. What is u(c)?
-11
Suppose 4*q + 5*h + 0 = 92, 0 = -q + h + 14. Suppose 19*n = q*n + 3. Let w(f) = -f**3 + 2*f**2 + f - 1. Determine w(n).
-7
Let l(j) = -j**2 + 5. Let a = -83 - -84. Let q be (a - 36/16)*(2 + 2). Give l(q).
-20
Let p(c) = c**2 + 21*c + 45. Let n = -1954 - -1935. What is p(n)?
7
Let b(y) = 4*y**2 + 1. Let l(p) = p**3 + 21*p**2 + 18*p - 36. Let z be l(-20). Let j be 1/((-6)/z)*(-3)/2. Determine b(j).
5
Let u(i) be the third derivative of -i**6/120 - i**5/20 + i**4/12 + i**3/2 - i**2. Suppose -49 + 4 = 5*y. Let n(q) = q + 6. Let s be n(y). What is u(s)?
-3
Suppose 2*b - 5*i - 34 = 0, 9 - 29 = 5*i. Let r be ((-6)/4 - (-2)/4)*b. Let q(l) = -2*l - 4. Give q(r).
10
Let m = 72 - 64. Let l = 4 - m. Let v(f) = -f**3 - 3*f**2 - f - 1. What is v(l)?
19
Let t(v) = v**2 + 8*v + 1. Let m be 1674/(-234) - (-6)/(-117)*-3. Calculate t(m).
-6
Suppose -5*w = -2*w - 18. Let f(m) be the first derivative of -m**4/4 - 17. Let v(p) = -2*p**3 - 6*p**2 + 7. Let i(u) = -3*f(u) + v(u). Calculate i(w).
7
Let f(a) = -4*a**2 - 2*a. Suppose 3*q - 4*l + l = 36, -20 = -q + 5*l. Suppose -q = 3*w + 2*w. Calculate f(w).
-12
Let j(o) be the second derivative of o**5/5 + o**4/6 - o**3/2 + o**2 + 978*o. Determine j(2).
36
Let r(z) = -z**3 - z**2 + z + 41. Suppose -29*g - 6 = -6. Determine r(g).
41
Let g(i) = -i**3 + 10*i**2 + 2*i + 5. Let h(s) = 2*s**3 - 21*s**2 - 4*s - 12. Let a(t) = -9*g(t) - 4*h(t). Determine a(6).
-9
Let y(n) = 7*n**3 + 13*n**2 - 8*n - 8. Let t(o) = -8*o**3 - 14*o**2 + 8*o + 10. Let l(j) = 6*t(j) + 7*y(j). Calculate l(-8).
4
Let q(b) = -7*b + 6. Let r be q(2). Let m(d) be the first derivative of -d**3/3 - 4*d**2 - 8*d - 4. Determine m(r).
-8
Let x(n) = 7*n**2. Let b(w) = -1. Let j(y) = -b(y) - x(y). Suppose 48 = -m + 7*m. Let p = m + -9. What is j(p)?
-6
Let h(v) be the second derivative of v**5/20 + 7*v**4/6 + 2*v**3 + 5*v**2 - 154*v. What is h(-13)?
23
Let s(t) = -4*t**3 - t**2 - 2*t + 10. Let k be 7/(-4) + 3/(-12). Let c(b) = -b**3 - b + 3. Let z(h) = k*s(h) + 7*c(h). Give z(-3).
1
Let a(k) = k**3 - 5*k**2 - 4*k - 8. Let j be a(6). Let w(d) = 3*d**2 + 1 - d - 2*d**3 + 2*d**2 - j*d**2 + d**3. Give w(0).
1
Suppose 3*y + 3 + 3 = 0, -4*h + 4*y + 12 = 0. Let x(w) = 4*w - h + 1 + 0*w**2 + w**3 + 4*w**2. Let s be (0 - 1) + 1 + -3. Give x(s).
-3
Let p(t) = 10*t**2 - 1. Suppose 0 = 10*y - 12 + 22. Give p(y).
9
Let t(b) = -b**3 + 1. Suppose -3*v = -0*v + 12. Let h(y) = -3*y**3 + 7*y**2 + 9*y + 8. Let m(i) = v*t(i) + h(i). Calculate m(-6).
-14
Let b(k) be the first derivative of k**4/4 - 29*k**3/3 + k**2/2 - 24*k - 319. Give b(29).
5
Let h(z) be the second derivative of z**4/12 + 2*z**3/3 + 3*z**2 - z - 6. Give h(-5).
11
Suppose 198 = 23*s - 12*s. Let v(a) = -a**3 + 19*a**2 - 17*a - 16. Determine v(s).
2
Suppose -9 = 3*g - 33. Let n(w) = -w**3 + 8*w**2 + w - 5. Determine n(g).
3
Let s(o) = -o + 24. Let n(i) = -i + 26. Let c(r) = -3*n(r) + 4*s(r). Calculate c(9).
9
Let k be 4/18 + 473/99. Let t(l) = -2 - 2 - l**3 - l + 6*l + 3*l + k*l**2. Give t(6).
8
Suppose -l + 4 - 1 = 0. Let m(c) = 4*c**2 - c**l + 2*c**3 - 2*c**3. What is m(4)?
0
Suppose -4*j - 5*y + 0*y - 9 = 0, -y = 1. Suppose 13 + 2 = -5*u. Let a be j/(-1)*(u + 7). Let i(d) = -d**3 + 3*d**2 + 6*d - 1. Determine i(a).
7
Let f(j) = 4*j + 12. Suppose -s = 2*s + 24. Let x(b) = -11*b - 35. Let q(y) = s*f(y) - 3*x(y). Give q(-5).
4
Let g(b) = b**3 + 11*b**2 + 9*b - 10. Let d = 69 - 79. Determine g(d).
0
Let o = 1 + 0. Let y(n) = -n**2 + 4 - 1 + 3*n + 0 + o. Let t = -4 + 9. Calculate y(t).
-6
Let l(y) = -15*y + 5*y + 6*y + 5*y + 0 + 3. Calculate l(-10).
-7
Let t be ((-1001)/78 - -13)/((-5)/(-3)). Let a(z) be the third derivative of -t*z**5 + 5*z**2 + 1/6*z**4 + 1/3*z**3 + 1/120*z**6 + 0 + 0*z. What is a(5)?
-3
Let j(c) = c**3 + 5*c**2 + 6*c - 8. Let x = -51 + 53. Let p(s) = -s**3 - s**2 - s + 1. Let g(k) = x*p(k) + j(k). What is g(4)?
-6
Let r(w) = w**2 - 3*w - 6. Let p be 3/15 - 372/(-15). Suppose -f + 2*l - 10 = -3*f, 5*f + 4*l = p. Determine r(f).
4
Suppose -3*i + 4 = -i. Let j(x) = 2 - 189*x**2 + 567*x**2 - 188*x**2 + 1 - 3*x - 191*x**2. Calculate j(i).
-7
Suppose -5*g + 2*y - 4*y - 63 = 0, -5*g + y = 51. Let m(l) = -l**3 - 12*l**2 - 11*l + 3. Let p be m(g). Let w(s) = s**3 - 2*s**2 + s - 3. Give w(p).
9
Suppose 0 = -2*f + 6*f - 4*s - 12, 4*s = 5*f - 15. Suppose f*x - 3 = 6. Let g(u) = -u**3 + 3*u**2 - 2*u + 1. Give g(x).
-5
Let h(z) = -4*z**2 + 15. Let c(s) = -s**2 + 2*s + 2. Let g(f) = 3*c(f) - h(f). Give g(-7).
-2
Let h(c) = 7*c**2 - 2*c - 12. Let x(d) = d**2 - d - 1. Let y(s) = -h(s) + 6*x(s). Suppose 102 = 3*k - k - a, -5*a = -5*k + 260. Let j = 45 - k. Determine y(j).
1
Let o = 71 + -69. Let y(a) = -4*a**o + a**2 - 6*a**2 + 8*a**2. Determine y(-1).
-1
Let m = -1209 - -1217. Let h(z) be the second derivative of z**4/12 - 5*z**3/3 + 9*z**2/2 - 4*z. Give h(m).
-7
Let z(x) = -x**3 - 4*x**2 + 2*x + 5. Let n = -13 + 17. Let q = 2 - -1. Suppose n*b = -13 - q. Calculate z(b).
-3
Suppose -5*m - 1 - 3 = -2*b, -b - m + 2 = 0. Suppose -3*q - 10 = -2*r, 0 = q + b*r - 0*r + 14. Let f(v) = -v**2 - 5*v + 2. What is f(q)?
-4
Let i(c) = -c**3 + 6*c**2 - c + 8. Let m be i(6). Let x(s) = -6*s**2 + s**2 + 3*s**2 - s**m. Calculate x(-1).
-3
Let q be (-3)/9*6/(-2). Let z be 8/(-4)*(1 - 5/2). Let w(p) = 0 - z*p - q - p**2 + 2*p**2. Determine w(4).
3
Let u(z) = z - 1. Let w(g) = -g - 17. Suppose 0*v = -2*v - 6, -39 = 3*r - 2*v. Let j be 15*3/(r/4). Let b be w(j). Determine u(b).
-6
Suppose 8*o = -121 + 305. Let k(a) = -a**3 + 23*a**2 + a - 27. Determine k(o).
-4
Let f(t) = -2 - 8*t**2 + 6*t**2 - 2*t + 7*t**2. Let g(o) = 5*o**2 - 10 - 4*o + 4*o**2 + 7. Let n(x) = -11*f(x) + 6*g(x). Give n(-4).
-4
Let i = -1072 - -1070. Let h(k) be the first derivative of 3*k**2/2 - 1. What is h(i)?
-6
Let m(b) = -3 - 329*b + 675*b - 340*b. Give m(-2).
-15
Let o(t) = -3*t**3 + 7*t**2 + t - 4. Let k(v) = -5*v**3 + 13*v**2 + v - 8. Let r(a) = -4*k(a) + 7*o(a). Determine r(-3).
-5
Let s be 34/6 + 12/(-18). Let m(p) = 0*p**2 - p**3 + 2*p + 28*p**2 - 23*p**2 + 1. Calculate m(s).
11
Let z be (-4 + (-176)/(-12))/((-1)/(-9)). Suppose z*q - 91*q = 30. Let n(j) = -2*j + 8. What is n(q)?
-4
Suppose -5*r + 30 = r. Let f(s) = 11 - s - 6 + r*s. Calculate f(-6).
-19
Let v(q) = -q - 11. Let i be v(-7). Let o(z) = 2*z**2 - 10*z + 1. Let g(a) = -a**2 + 5*a - 1. Let y(m) = i*o(m) - 7*g(m). Calculate y(5).
3
Suppose -p - 9 = -3*y, 5*p + 9 = 2*p. Let v(t) = -8*t**2 - 3*t + 2 + t**3 + y*t**2 + 0 - 5. Calculate v(6).
-21
Let c(f) = -43*f + 89. Let g be c(2). Let i(n) be the third derivative of -n**g - 5*n**2 + 1/12*n**4 + 0 + 0*n. Determine i(5).
4
Let g(l) = -l**3 - l**2 + 4. Suppose 3*i - 4*i = -14. Let d = i - -12. Le